1. Calculate the remainder when 41 - (10 + -2)/(-2) is divided by s.
1
Suppose -m + 4 = -17. Calculate the remainder when (-462)/168 + (0 - -3) - 966/(-8) is divided by m.
16
Suppose -4 = -4*g + 4*c, -4*g - 2*c - 8 = 12. What is the remainder when (0 + g)/(1/(3 - 98)) is divided by 24?
21
Suppose 37*t - 38*t = -3. Suppose s = t*v - 3*s, s = 4*v - 13. Let j = 43 + -30. Calculate the remainder when j is divided by v.
1
Let b = -20112 - -20416. Calculate the remainder when b is divided by 94.
22
Suppose -3*q = 5*c - 21, 2*q = -4*c + 7*q + 39. Suppose -10 = -5*p, -o + c*o = 2*p + 81. What is the remainder when (-2)/11 + 4575/55 is divided by o?
15
Let p = 15 - 2. Let u be ((-378)/(-168))/(3/4*1). Suppose -u*w = 3*q - 108, -3*w + 11*q - 12*q = -108. What is the remainder when w is divided by p?
10
Suppose 0 = v + 2*x, 3*x + 5 = 2. Suppose 0 = v*t - a - 17, -2*a - a = -5*t + 42. Calculate the remainder when t is divided by 5.
4
Let y be (-2)/(18/(-2257)) + (-74)/(-333). Let h = 417 - y. What is the remainder when h is divided by 24?
22
Suppose 18*f = 72 + 18. Suppose -3*g + y - 722 = -1955, -f*y = g - 427. Calculate the remainder when g is divided by 18.
16
Let x = -360 + 377. Let m = x + 34. Calculate the remainder when 355 is divided by m.
49
Let k be (12/(-8))/((-2)/4). Suppose -m - 4*m - k*y = -570, 3*y - 126 = -m. What is the remainder when m is divided by (1 - -4) + 28/2?
16
Let k(p) = p**2 + 3*p + 4. Let o = -11 - -15. Suppose 0 = -0*x + x - 4*w - o, 3*x + 4 = -4*w. What is the remainder when k(x) is divided by 4?
0
Let c(o) = o**2 - o + 1. Let t be c(-3). Suppose 0*p = -t*p + 1820. Let s = p + -116. What is the remainder when 118 is divided by s?
22
Let i be -4 + 5 - (-7)/((-7)/(-20)). Suppose 2*p + 85 = -i. Let s = p + 63. Calculate the remainder when 32 is divided by s.
2
Suppose 2*h - 5*h + 756 = -18*a, -1128 = -5*h - 3*a. What is the remainder when 798 is divided by h?
114
Suppose 4*w - 28 = -p, 7*w - 2*p = 3*w + 16. Suppose 13*d - 247 = -w*d. Calculate the remainder when 34 is divided by d.
8
Suppose -124*k + 198 = -3646. Calculate the remainder when k is divided by 24/(-9)*15/(-4).
1
Let s = 1384 + -1188. What is the remainder when s is divided by 58?
22
Suppose 3*k = -4*t - 20, -6 = 2*t + t. What is the remainder when 73 is divided by -1 + (-1)/k + (-1359)/(-36)?
36
Let s(q) = 29*q**2 - 3*q + 1. Let h = -40 + 48. What is the remainder when s(1) is divided by (-198)/(-21) - h/(-14)?
7
Let i(w) = -2*w**3 - 79*w**2 + 33*w - 132. Calculate the remainder when i(-40) is divided by 22.
16
Let k(z) = -229*z - 88. What is the remainder when 517 is divided by k(-1)?
94
Suppose 11*f = 8*f + 576. Let q = f - 166. Calculate the remainder when 180 is divided by q.
24
Let a = -868 + 954. Let d(l) = -8*l**2 + 67*l + 6. Calculate the remainder when a is divided by d(8).
26
Let y = -4905 - -4973. What is the remainder when 407 is divided by y?
67
Let g(n) = 36*n + 2891. What is the remainder when g(-55) is divided by 13?
1
Let n be 2*(6/(-14))/((-26)/(-91)). Let b(o) = o**2 + 3*o + 9. What is the remainder when 39 is divided by b(n)?
3
Suppose 5*s = 2*s + 1692. Suppose s - 33 = 3*m. What is the remainder when m is divided by 26?
21
Calculate the remainder when (5226/195)/((-6)/15*-1) is divided by 15.
7
Suppose -3*a - 5*g + 331 = -3*g, -3*a - g = -329. Calculate the remainder when a is divided by 37.
35
Let s = -28 + 30. Let p be 8 - 8/2 - s. Calculate the remainder when 78 is divided by p*1*(-5 + 13).
14
Suppose 88 - 341 = -3*f + 5*t, 5*f - 2*t = 390. What is the remainder when 485 is divided by f?
29
Let i be 3*3/9 - -52. Suppose i + 197 = 5*a. Suppose -310*v + 6*v + 5964 = -20*v. Calculate the remainder when a is divided by v.
8
Let t = 587 + -583. Suppose 3*i + 18 = -t*z + 87, 3*z - 57 = 3*i. Calculate the remainder when 646 is divided by z.
16
Let q(i) = 52*i + 724. Let h(f) = 14*f + 181. Let m(n) = 9*h(n) - 2*q(n). What is the remainder when 34 is divided by m(-7)?
7
Let t = 11 + -3. Suppose -t*x + 2 = -6. Calculate the remainder when x is divided by 1.
0
Suppose -4*k + 2556 = a, 0 = -7*k + 3*k + 4*a + 2576. Let b = -344 + k. What is the remainder when b is divided by 23?
20
Let d = 14959 + -14806. Let a(r) = 25*r + 1. What is the remainder when d is divided by a(1)?
23
Suppose 91*o - 88*o - 2300 = -2*r, -2*r = 4*o - 3062. What is the remainder when o is divided by 70?
62
Let o = 1348 + -1068. Let p = -216 + o. What is the remainder when p is divided by 11?
9
Suppose d + 0*d = 13. Suppose -3*o = -y - 813 + 746, -o + 17 = -3*y. Calculate the remainder when o is divided by d.
10
Suppose 183*k = 20200 + 21890. What is the remainder when 727 is divided by k?
37
Let l(y) = -y**2 + 13*y + 8. Let w be (-2)/11 + (-6544)/(-176). Suppose w - 97 = -6*v. Calculate the remainder when l(v) is divided by 5.
3
Suppose 2*r = 2*v - 28, 4*v + 2*r - 29 = 9. Let i be 1*(0 + 4)*(-1)/(-1). Suppose 0 = -i*s + 36 + 124. Calculate the remainder when s is divided by v.
7
Let u = 5958 - 5732. What is the remainder when u is divided by 66?
28
Let h be ((-8)/(-64)*412)/(1/2). Suppose 0 = -m - 3*b + h, 0 = 2*m + b - 3*b - 182. Calculate the remainder when m is divided by 12.
10
Let c(f) = 11*f - 275 - f**3 + 282 - 10*f**2 - 8*f**2. What is the remainder when c(-19) is divided by 27?
24
Let j = -130 - -135. Suppose -8*w - 5*d = -3*w - 1130, -4*w = j*d - 903. What is the remainder when w is divided by 10?
7
Let z(o) = 15*o**2 - 29*o + 56. Calculate the remainder when 2805 is divided by z(3).
101
Let j be (27/(-3))/(-3) - 1. Suppose 4*m + j*q = 14, -3*q = -5*m - 2*q + 21. What is the remainder when (-6)/(-5)*(0 - -5) is divided by m?
2
Let t = -31 - -35. Suppose 5*n = -3*f + 518 + 9, -n - t*f + 119 = 0. Suppose 2*z = 5*m + 5*z - 217, 3*m - n = 5*z. What is the remainder when m is divided by 3?
2
Let v = -39 + 44. Suppose 48 = 4*n + 4*l - 0*l, -v*l = -25. Suppose 0 = -3*i + 3*c, 0 = -4*i + 4*c - 2*c + 6. What is the remainder when n is divided by i?
1
Let j(q) = -25*q**2 + 486*q - 31. Calculate the remainder when j(19) is divided by 30.
28
Let l(r) = -14*r + 45. Let u be l(-10). Let c = u - -38. Calculate the remainder when c is divided by 16.
15
Let x(z) = 888*z - 84287. Let n(d) = d**2 + d + 1. Calculate the remainder when x(95) is divided by n(5).
11
Suppose 5048 = 52*y + 4. Calculate the remainder when 439 is divided by y.
51
Suppose -39 - 6 = -5*f. Let c(t) = t**3 - 9*t**2 + 2*t - 4. Let o be c(f). Calculate the remainder when 22 is divided by (-6)/(((-27)/63)/(4/o)).
2
Suppose 3*a + 3*c - 6 = 0, -5*a + 5*c + 77 = 47. Suppose 0 = a*f - 3*t - 28, -3*f + 14 = -20*t + 16*t. Calculate the remainder when 277 is divided by f.
7
Let g(w) = 4*w**3 - w. Let o be g(0). Suppose o = d - 26*d + 1000. Calculate the remainder when 151 is divided by d.
31
Let w(p) = -2*p**3 + 5*p + 2. What is the remainder when w(-3) is divided by ((-42)/10)/((-9135)/32625)?
11
What is the remainder when 12 - -5094 - (-49 + 32) is divided by 41?
39
What is the remainder when 10767 is divided by 1*(5 + -23 - -107)?
87
Suppose -48*v + 52*v = -26*v + 750. Let g(t) = t**2 + 3*t - 2. Calculate the remainder when g(5) is divided by v.
13
What is the remainder when 1057 is divided by 11/(198/1722) + (-12)/(-9)?
87
What is the remainder when 67 is divided by (28/(-84))/(((-5)/(-30)*4)/(-8))?
3
Let i be 10/(55/15 + -3). Let o be -3*(-20)/i - -3. Calculate the remainder when 146 is divided by ((-3084)/(-21))/4 - (-2)/o.
35
Let k(m) = -m**3 + 5*m**2 - 37*m + 218. Calculate the remainder when 142 is divided by k(5).
10
Suppose c = 5*w - 62 - 47, c + 40 = 2*w. What is the remainder when 44 is divided by w?
21
Suppose 5*a = -1 - 49. What is the remainder when 77 is divided by (4 + 5 + -3)/((-4)/a)?
2
Suppose -11*u + 80 = -6*u. Let r = u + -13. Suppose -r*b + 2*n + 169 = 51, -5*b + 4*n + 196 = 0. Calculate the remainder when 157 is divided by b.
37
Suppose 4*d = -22*g + 19*g, -6*g = 4*d - 24. What is the remainder when 98 is divided by g?
2
Let f = -340 + 341. Calculate the remainder when 774 is divided by (35*(-21)/(-35))/f.
18
Suppose 0 = p - 33 - 31. Let o = 121255 - 121133. Calculate the remainder when o is divided by p.
58
Let x(p) = 3*p**3 - 6*p**2 - 13. Suppose 286 = 2*f - 5*y, 6*y = 4*f + y - 562. Calculate th